 - t + 1. Determine m(-3).
5
Let u = 14 - 14. Let s(d) = -2*d**2 - 11*d + 20. Let h(c) = -c**2 - 5*c + 10. Let r(x) = -9*h(x) + 4*s(x). Calculate r(u).
-10
Let f(r) = -r**2 - 335*r - 2292. Let x be f(-7). Let h(m) be the second derivative of m**5/20 - m**4/2 + 5*m**3/6 + 2*m**2 + m. Calculate h(x).
-8
Let x(i) be the first derivative of 0*i**2 + i + 4 - 7/6*i**3. Let o(g) be the first derivative of x(g). Give o(-1).
7
Let w(h) = -h**3 + 3*h**2 - 6*h + 3. Suppose 2*z - 5*q - 4 = 0, 4*z + 12*q - 14*q - 8 = 0. Determine w(z).
-5
Let m(v) = -v**2 + 6*v - 3. Let a be (6 - 0)/(1 - 0). Let x be m(a). Let f(c) = -12*c - 1. Let n(h) = -34*h - 6. Let i(k) = -3*f(k) + n(k). Give i(x).
-9
Let v(x) = -x**2 + 9*x - 10. Let d be v(9). Let f(s) = s**2 + 10*s - 5. Calculate f(d).
-5
Let n(h) = -h**2 - 5*h - 4. Let u be n(-2). Let p(g) be the third derivative of -1/120*g**6 + 5/6*g**3 + 0 + 1/24*g**4 + 1/60*g**5 - 6*g**u + 0*g. What is p(0)?
5
Let d be ((3 - 3)/4)/(-2). Suppose 0 = 4*w - 2*x + 48, 0 = 5*w - d*x - 3*x + 58. Let y be w/(-6) + 4/6. Let n(o) = -o**3 + 2*o**2 + 2*o. What is n(y)?
-3
Let g(z) = -z**3 - z**2 - z + 5. Let n be g(0). Suppose -10 = -n*x + 3*x. Let o(h) = 1. Let r(b) = -3*b + 12. Let d(i) = 5*o(i) - r(i). Give d(x).
8
Let n(z) = 37*z - 14. Let o(c) = -24*c + 9. Let u(h) = 5*n(h) + 8*o(h). Give u(-2).
16
Let g(v) = v**2 + v - 20. Let l be 13 - 0/(-5) - -2. Let m = l - 15. Calculate g(m).
-20
Let s = 4708 - 4702. Let q(z) = 3*z**3 + 10*z**2 + 7*z - 2. Let b(h) = -h**3 - 5*h**2 - 4*h + 1. Let r(i) = -5*b(i) - 2*q(i). What is r(s)?
-1
Let w(i) be the second derivative of -i**5/20 - i**4/3 - i**3/3 - i**2/2 - 3*i. Let v = -12 - -17. Suppose -o + 3 - v = 0. Determine w(o).
-5
Let c(k) be the first derivative of -k**3/3 - 3*k**2 + 3*k + 2. Let j = -20 + 34. Let u = 8 - j. Determine c(u).
3
Let w(n) = 9*n + n**2 - 21*n + 3 + 12*n - n**3 + 3*n. Determine w(3).
-6
Let a(l) = -6*l - 4. Let y be a(-1). Let h(i) = -6*i + 3*i**2 + 4*i**y + 8 - 6*i**2 + 13*i. Calculate h(-7).
8
Let a(h) = 5*h - h + h - 11*h + 75 + 2*h. Give a(19).
-1
Let h = 4 - -1. Let f(z) = -z**2 + 5*z + 5. Let n be f(h). Let j(k) = k - n + 0*k - 4. Give j(0).
-9
Let r(d) be the third derivative of -d**6/120 + d**5/10 + d**4/12 + 4*d**3/3 + 416*d**2. Calculate r(6).
20
Let t(l) = 9*l**2 + 4. Let r(c) = 25*c**2 - 3 - 8*c**2 + 8 + 2. Let s(i) = -3*r(i) + 5*t(i). What is s(-1)?
-7
Let u(d) be the first derivative of -d**3/3 + 3*d**2/2 - d - 1. Suppose 0 = -7*q + 192 + 11. Let f = 32 - q. Give u(f).
-1
Let f(a) = 3*a + 0*a - 13*a**2 - 17*a**2 + 31*a**2 - 5. Suppose 1 = 3*k - g + 12, -4*k - 12 = -4*g. Calculate f(k).
-1
Let c(m) = 3*m - 6. Let q(g) = -g. Let k(f) = -c(f) - 2*q(f). Let w be k(4). Let v(r) = -1 - 6*r - 7 - 2*r**2 + w + 3*r**2. Give v(6).
-6
Let t(f) be the second derivative of f**3/3 - 3*f**2/2 - 18*f. Let x(d) = -4*d + 54. Let b be x(13). What is t(b)?
1
Let g be 2/(0 - 2/17). Let q = 20 + g. Let v(j) = q*j - 6 + 1 + 5. What is v(2)?
6
Let a(d) = -6*d - 6. Let i(b) = -3*b - 3. Let x(u) = 4*a(u) - 9*i(u). Suppose -3*n + 5*o - 24 = 0, 4*n - 3 = 2*o - 21. Calculate x(n).
-6
Let u = 986 - 979. Let z(n) = 8*n - 2. Give z(u).
54
Let r(d) = d**2 + 10. Let c(q) = 2*q**2 + 6*q - 9. Let p be c(4). Suppose -52*t = -p*t. What is r(t)?
10
Let m = 30 - 28. Let r(k) = -9*k**m + 3*k**3 - 9*k - 4*k**3 + 0*k**3 - 11. Give r(-8).
-3
Let t(r) = -r + 2. Let p be (0 - -2)/((-6)/33). Let y = p - -14. Suppose -y - 21 = -4*d. Calculate t(d).
-4
Suppose 0 = 4*w - 4*o - 24, 4*w + 10 = 2*o + 32. Let g(j) = j**2 + w*j + 6 - 16 + 3. Determine g(-6).
-1
Let l = -284 - -282. Let x(v) be the first derivative of v**4/12 - v**3/3 + 3*v**2/2 + 4. Let n(t) be the second derivative of x(t). What is n(l)?
-6
Suppose 3*y - 4*a + 11 = 0, 0*y = -2*y + 2*a - 4. Suppose 2*n - 8 = -2. Let l(f) = -3*f + 2 - 2 - n. Calculate l(y).
-12
Let x(z) = -z**3 + 9*z**2 - 7*z + 2. Suppose -20*y + 5*y = -120. Calculate x(y).
10
Let n be (-32)/14 - 4/(-14). Let y(x) = -x**3 + 27*x - 1 + 2*x**2 - 11*x - 14*x + 0. Determine y(n).
11
Suppose 0 = -3*p - 4*q + 13, 2*q + 1 - 12 = -3*p. Suppose w + m = 2 - 3, p*m + 5 = -w. Let t(x) = w + x**2 - 2 + 4*x - 6. What is t(-5)?
-2
Let o(j) = j**2 - 3*j + 2. Let p be o(6). Let w be p/(-3 - -7) - 2. Let h(k) = k**2 - 2*k - 4. Calculate h(w).
-1
Let p be (-214)/(-14) - 40/140. Let i(a) = -a**2 + 14*a + 19. Calculate i(p).
4
Let q(f) = f**3 + 2*f**2 + 3*f + 4. Let k be 2/13 - (-4)/(468/(-369)). What is q(k)?
-14
Let s(n) = 3*n - 28*n**2 + 1 + 95*n**2 - 35*n**2 - 2*n**3 - 29*n**2 + 4*n**3. Give s(-2).
-9
Let s(l) = l**3 - 3*l**2 + 2*l - 2. Let i = -4 - 131. Let x be i/(-5) + -3 + 0. Let c be -3*(x/(-9))/4. Determine s(c).
-2
Let y(m) be the first derivative of -m**3/3 + 11*m**2/2 - 4*m + 17. What is y(9)?
14
Let v(x) be the first derivative of -x**4/4 + x**3/3 + x**2/2 - 19*x + 99. Determine v(0).
-19
Let a(d) = -8*d - 1. Suppose -25*k - 11 = -36. What is a(k)?
-9
Let u(y) = 18*y - 2. Let f(b) = 59*b - 6. Let l(r) = 3*f(r) - 8*u(r). What is l(-1)?
-35
Suppose -30 = -2*k + q, -2*q + 52 = 17*k - 14*k. Let t(j) = -j + 21. Give t(k).
5
Let w(m) = -31 + 31 + m**2 + m**3. Let y(z) = -4*z**3 - 3*z**2 + 2*z - 1. Let j(q) = -3*w(q) - y(q). What is j(3)?
22
Let a(y) = -y + 2. Suppose 0 = 2*b + 4*b - 54. Suppose -5 - b = 7*r. Determine a(r).
4
Let d(r) = -r**3 - 2*r**2 - 4*r - 4. Suppose -47*m + 12*m = 105. Give d(m).
17
Let g(k) be the third derivative of 19*k**4/24 - k**3/6 + 18*k**2. Give g(2).
37
Let m(p) = -p**2 + 8*p + 13. Let k = -2003 + 2009. Determine m(k).
25
Suppose 5*c + 16 = -2*g, 3*c + 0*g + 9 = -g. Let w(r) = 3*r**3 - 3*r**2 - r + 2. Give w(c).
-32
Let r be -3 + 0/(-4)*1. Let k be 3 - (37 - 1)/r. Suppose 0 = o - 4*o + 3*q + 15, 5*o - 3*q = k. Let a(p) = -p - 5. Give a(o).
-5
Let i(a) = a**2 - 2*a - 7. Let g be (-3186)/630 - (-2)/35. Determine i(g).
28
Let j(x) = -4*x**2 + 3. Let m(n) = -n**2 - 2*n - 2. Let y(g) = j(g) - 3*m(g). Determine y(4).
17
Let n(r) = 3*r - 5. Let d be 3/((-2)/(4*-1)). Let j be n(d). Let t(l) = 14*l + 3 - 28*l + j*l. What is t(0)?
3
Suppose -16*b + 2 - 18 = 0. Let w(n) = 4*n**2 - 2*n - 1. Give w(b).
5
Let h(l) = l**3 + 5*l**2 - l. Let q be h(-5). Suppose -q = -5*y + 2*g - 39, 3*y - 3*g + 15 = 0. Let n(r) = -r**3 - 9*r**2 - 6*r - 2. What is n(y)?
-18
Let n = -37 + 82. Suppose 6*p = 9 - n. Let u(t) be the first derivative of t**4/4 + 5*t**3/3 - 2*t**2 + 8*t - 1. Calculate u(p).
-4
Let p(b) = b**2 - 2. Let c be ((-21)/(-14))/(3/(-334)). Let j = c + 165. Give p(j).
2
Let f(q) be the first derivative of -5*q**2/2 - 3. Let m(t) = 4*t**3 + 23*t**2 - 10*t - 25. Let r be m(-6). Determine f(r).
5
Let k(f) be the second derivative of f**5/20 - 7*f**4/12 + 5*f**3/6 - 5*f**2/2 - f + 81. Give k(6).
-11
Let q(y) = -y**2 - 4*y + 1. Suppose 0 = -5*l + 52 + 53. Let k = l + -17. Suppose 2*j + 5 = j + 2*s, -k*s = -5*j - 19. Give q(j).
4
Suppose 3*s = -0*s + 21. Let g(q) = -4*q + 1. Let i(t) = -22*t + 11. Let v(u) = -5*g(u) + i(u). Give v(s).
-8
Let q(f) be the first derivative of -f**2/2 - 5*f - 69. Calculate q(6).
-11
Let c(w) = -w - 11. Let n be c(-12). Let r be -1*n*(7 - 1). Let f = r + 9. Let o(q) = q**2 - 4*q - 1. Give o(f).
-4
Suppose -40 = -2*w - 3*a, 2*w = 201*a - 203*a + 36. Let t(s) = -2*s**2 + 27*s + 21. Determine t(w).
7
Suppose w = -2*w + 6. Let r(f) = f - 1 - 7*f + f**w + 3*f**2 + 8*f. Determine r(1).
5
Let i(x) = -x**3 - 13*x**2 - 23*x - 8. Let m be i(-11). Let n(j) = -j**3 + 4*j**2 - 7*j + 1. What is n(m)?
-11
Let n(b) = 3*b + 47. Let d be n(-15). Suppose -15 = d*w - 13. Let x(r) = -r**3 + r**2 + r + 1. What is x(w)?
2
Let d(c) = 8*c**2 - 17*c - 3. Let v(f) = -6*f**2 + 14*f + 1. Let w(m) = -2*d(m) - 3*v(m). What is w(2)?
-5
Let l(r) = 12*r + 6. Let g be l(5). Let h = 66 - g. Let u(w) = w**3 - w**2 + w + 20. Determine u(h).
20
Let b(x) = 8 - 9*x - 5 + 4*x**3 - 2 - 15 + 27*x**2. Give b(-7).
0
Let f(t) = t - 1. Suppose 3*o + j = 29, o = 4*o - 2*j - 14. Calculate f(o).
7
Let k(i) = 2 - 4*i**2 - 5*i - i**2 + 4*i**2. Let w be 7/154*-106 - 4/22. Let c be k(w). Let x(t) = -t**3 + 3*t**2 + 2. Give x(c).
6
Suppose v - 2*v - 3 = 0. Suppose 2*a - 10 = 3*c - 0, a + c = 5. Let i(d) = 3 + 4*d - 4*d + a*d - 3*d. What is i(v)?
-3
Let o(a) be the third derivative of -a**8/6720 - a**7/630 